7). Suppose -228 = -5*h - 93. Suppose m + k + l = 2*m, 3*k = 2*m - h. Is m a composite number?
True
Suppose 3*o + 0*o = 3. Let q = o + -35. Is 6/8*q*-2 composite?
True
Let t be 2/(-4 - -2)*-4. Suppose t*q + 79 - 7 = 0. Is 57*(-3)/q*2 a prime number?
True
Let v(n) = 284*n - 17. Is v(9) a composite number?
False
Suppose -4*b + 4*q = -0*q - 356, 3*q = 3. Suppose -5*l - 2*v + 79 = -b, 76 = 2*l + 5*v. Is l prime?
False
Let n(m) = -m**2 + 5*m + 2. Let x be n(4). Let p(q) = q**3 - 2*q**2 + 5*q + 7. Let f be p(x). Suppose 3*u - 90 - f = i, 0 = 2*u - 3*i - 190. Is u prime?
True
Suppose 4*g = 4*d - 1528, -d + 2*d - 5*g - 386 = 0. Suppose 6*w - d = 3*w. Is w prime?
True
Let z be (-83)/((-4)/(-12)*-1). Suppose -9*t = -6*t - z. Is t prime?
True
Is ((-1)/1)/(8/(-6296)) a composite number?
False
Let x(l) = -7*l**3 + 3*l**2 - 3*l - 2. Is x(-3) composite?
False
Let s be 2 - 0/((-2)/2). Suppose -2 = s*h + 4*k + 2, k = -5*h - 10. Is 3/(h/(-2*2)) composite?
True
Let v(u) = 8*u**2 - 12*u - 11. Is v(6) composite?
True
Is (-2826)/(-36)*3/((-6)/(-4)) prime?
True
Let u(x) = 23*x**2 + 4*x + 4. Is u(5) composite?
False
Let o = 27 + -8. Is o composite?
False
Let o be (-21*5)/((-3)/2). Suppose m = -4*w + 49, w - 42 - o = -2*m. Suppose r - p = m, -p + 4*p = -2*r + 94. Is r prime?
True
Let w(v) = 38*v + 10. Let s(q) = -13*q - 3. Let j = -5 - -2. Let x(m) = j*w(m) - 8*s(m). Is x(-8) composite?
True
Let n(i) = -6*i - 3 + 3 - 7 + i**2 + 3. Is n(9) a composite number?
False
Let k(a) = 2*a - 2*a - a + 5*a**2. Let x be k(1). Suppose -x*w = w - 20. Is w a composite number?
True
Let l(z) be the second derivative of -z**5/20 - z**4 - z**3/3 + 11*z**2/2 - 16*z. Suppose -2*c = 3*c + 60. Is l(c) composite?
True
Suppose 3*r + k = 3*k + 701, 1210 = 5*r + 5*k. Suppose -2*f + r = f. Is f a prime number?
True
Suppose 0 = 3*b - 7*b. Suppose 2*h + 1 = 4*u + 5*h, -3*h - 15 = b. Suppose -u*f = -4*v + 148, 5*f = f. Is v a prime number?
True
Suppose 768 = 5*t - 3*z, -3*t - z + 460 = -3*z. Is (-9)/3 - (-2 - t) prime?
False
Let h be 376/72 - (-4)/(-18). Is (2/(-6))/(h/(-465)) a composite number?
False
Let b = 15 + -8. Suppose 0 = -6*i + 5*i + b. Suppose 35 - i = 2*f. Is f a prime number?
False
Let m(o) = o**3 + 10*o**2 + 9*o. Let q be m(-9). Suppose 12 = 2*c + 2*l, 5*c + 3*l - l - 21 = q. Suppose -s + 476 = c*s. Is s composite?
True
Let n be (1 - 9)/((-4)/204). Suppose 1653 - n = 5*l. Is l a prime number?
False
Let n = -71 - -130. Is n a prime number?
True
Let c be (-43)/5 + (-8)/20. Let u be ((-6)/c)/(1/(-66)). Let n = u + 63. Is n a composite number?
False
Suppose -5*w - 3*r = -0*w - 1523, r = -5*w + 1531. Is w prime?
True
Is 2/6*14622/2 prime?
True
Let f = 5 - 8. Let t be (-105)/f - (1 + 1). Suppose x + t = 4*x. Is x a composite number?
False
Is 2/2 + 0 + 86 a composite number?
True
Let g = 161 - 110. Is g prime?
False
Let f be 10/15 - (-38)/(-3). Is (8/f)/(8/(-1140)) a composite number?
True
Let y(d) = -115*d + 2. Let n be y(4). Let c be (-2)/(-7) - n/14. Suppose 2*k - c - 5 = 0. Is k prime?
True
Suppose -12 = -8*d + 4*d. Suppose r = 5*n + 293, 2*r - d*n - 600 = -0*n. Is r a prime number?
False
Let z(w) = -7*w - 12 - 13*w - 9*w. Is z(-5) a prime number?
False
Let i(y) be the second derivative of 16*y**3/3 + 3*y**2/2 - 3*y. Is i(4) composite?
False
Suppose 4*h + 16 = 4*o, 5*h - 2*o + 15 = 1. Let v(u) = -u**2 - 2*u. Let q be v(h). Is q/2 + -1 + 16 a composite number?
True
Let m = 404 - -25. Is (-2)/(-4)*(m - 1) prime?
False
Let d = 11 + -8. Suppose -i + 11 = 4*a, i - d*a = -a - 1. Suppose -i*g = -90 - 141. Is g a composite number?
True
Suppose 0 = -4*k - 2*z + 28, 2 + 14 = 3*k - z. Is (-18)/4*(-4)/k a prime number?
True
Is (-1)/((-4)/13812*3) a prime number?
True
Suppose 0 = -0*x + 4*x - 3340. Suppose 0 = 5*c - 595 - x. Suppose -c = -6*l + 4*l. Is l a prime number?
False
Let f(n) = -53*n - 1. Is f(-6) a prime number?
True
Suppose -1598 = -5*v + 1557. Is v a prime number?
True
Let y be 2 + (2 + 6)/4. Let u(p) = 7*p**2 - 2*p + 2. Is u(y) a composite number?
True
Let p(v) = v**2 + v - 1. Let s be p(5). Let i = s + 10. Suppose 6*q = 5*q + i. Is q a prime number?
False
Suppose -2*u + 0*u - 16 = 4*g, 4*g = u - 16. Suppose 2*x + 3*x - 565 = u. Is x a prime number?
True
Suppose 1740 - 548 = 8*k. Is k a composite number?
False
Let b(l) = l**2 + 7*l - 11. Let u be b(-8). Let t be u*((-2 - 0) + 1). Suppose -t*f = -4*f + 53. Is f prime?
True
Let c be (-4)/14 - (-110)/(-7). Let a = 22 + c. Is a a prime number?
False
Let y(z) be the third derivative of 7/24*z**4 + z**2 + 0 + 0*z + 1/2*z**3. Is y(4) prime?
True
Let m(t) = 460*t + 25. Is m(6) a prime number?
False
Let u(g) = 2*g**2 + 2*g + 2. Let a be u(7). Suppose p - 3*z + 22 + 20 = 0, 0 = -3*p + 5*z - a. Let k = -12 - p. Is k a composite number?
True
Let d(y) = -1 - 3*y**2 + 2 - 4*y + y**3 + 2*y. Let q = -8 + 12. Is d(q) a composite number?
True
Is 37 - -2*(-3 - -2) a composite number?
True
Suppose -5*s = 0, -3*m = m + 2*s - 1952. Suppose -499 - m = -3*o. Is o a composite number?
True
Let w(l) = 2*l**3 - 10*l**2 + 4*l + 7. Is w(9) composite?
False
Let r(j) = 639*j. Let c be r(-2). Let d = -907 - c. Is d composite?
True
Let a be -4 + 8 + 45 + -4. Let v = a - 30. Is v a prime number?
False
Suppose -3*s = -0 + 3. Let u(z) = -176*z**3 + z**2. Let d be u(s). Suppose -d = -5*q + 258. Is q composite?
True
Is (-5)/(-10)*2 + 318 composite?
True
Suppose 0 = s - 39 - 43. Let u = -45 + s. Is u prime?
True
Is (4/(-20)*-3833)/(4/20) a prime number?
True
Is (-4)/16*0 + (253 - 2) prime?
True
Suppose -4*i + 119 = -941. Is i composite?
True
Let r = -18 - -8. Let b(y) = -y**3 - 6*y**2 + 3*y + 25. Is b(r) composite?
True
Suppose -3*u + u + 10 = 0. Suppose 0 = u*g + 5, -3*l + 2823 = l + 5*g. Suppose 0 = 5*h - 348 - l. Is h a prime number?
True
Suppose -482 = -5*d + 573. Is d a composite number?
False
Suppose 0 = 2*b + 2*b - 776. Let d = b - 45. Is d a composite number?
False
Suppose 5*h = -3*y + 1643, 4*h + 1040 + 567 = 3*y. Is y a composite number?
False
Let c(v) = v**3 - v**2 - 1. Let x be c(2). Suppose 6 = r - x. Is r a prime number?
False
Let f(m) = 2*m**3 - 2*m**2 - 3*m + 3. Let v be f(2). Suppose -4*q = -12, -2*q - 18 = -3*i - 0*i. Suppose -v*p = -p - i. Is p a composite number?
False
Let f = -1 + 6. Let u(i) = -2*i + 4. Let p be u(f). Let w(b) = -4*b - 5. Is w(p) composite?
False
Let m be 1*-1*(-4 + 3). Let w be 66/((-3)/2 + m). Let k = -63 - w. Is k composite?
True
Let h be 85/(-1)*20/(-25). Suppose 38 = 3*b + 4*z, b = -4*b - 2*z + h. Is b prime?
False
Suppose -2*q - 70 = -4*q. Is q a composite number?
True
Suppose -4*i = -2*l - 0*i + 24, -4*i - 30 = -3*l. Let a(d) = 5*d - 5. Let k be a(l). Let v = k - -28. Is v a composite number?
False
Let c = 1 - 0. Let l(j) be the third derivative of j**4 - j**3/6 - 5*j**2. Is l(c) a composite number?
False
Let o(f) = -7*f - 8. Let a be o(-6). Let d = a + -11. Is d prime?
True
Let g(a) = 5*a**2 - 8*a + 9. Is g(8) a composite number?
True
Let d be (-4 + 4)/(0 - 1). Suppose d = 5*o - 861 + 86. Is o a composite number?
True
Suppose -3*v - 1 = 2*c, -1 + 14 = c - 3*v. Suppose 0 = -c*i + 165 + 23. Is i a prime number?
True
Is -1 - (-1 + 2 - 151) composite?
False
Suppose q + 6 + 0 = 0. Let n(s) = 7*s**2 + 4*s - 5. Is n(q) a prime number?
True
Is (-1045)/(-7) - (-2)/(-7) prime?
True
Suppose 3*p - 1197 - 24 = 0. Is p composite?
True
Suppose -m - 597 = -4*m. Is m a prime number?
True
Let q(l) be the third derivative of l**5/3 + l**4/2 - 7*l**3/6 + l**2. Is q(-6) a composite number?
False
Let i = -561 - -814. Is i composite?
True
Let y be 1/(10/4 + -2). Is 13/y*14/7 a prime number?
True
Let d(y) = -y**3 + 6*y**2 + 8*y - 1. Let m be d(7). Let i = -3 + m. Suppose -3*v - 7*o = -2*o - 224, -3*v + i*o + 264 = 0. Is v a composite number?
False
Suppose -4*x - 456 = 5*i - 6032, -5*x = 5*i - 6975. Is x composite?
False
Suppose -10*x + 4468 = -6*x. Is x prime?
True
Let v(x) = -4*x - 2 + 3*x + 4*x. Is v(3) a prime number?
True
Suppose -4*w = -5*u + 23, -2*w + 3*u + 0*u = 13. Is -7 + 3 - w - -12 composite?
True
Is 1/(1 + 210/(-211)) composite?
False
Let k = -1926 - -2909. Is k a prime number?
True
Let v(k) = -4*k**3 - 2*k + 1. Suppose -5*g - 16 = -2*u - 0*u, 2*u = 4*g + 12. Is v(u) composite?
False
Let y(b) = -b**3 + 4*b**2 + 8*b - 5. Let d be y(5). Su